
2, 3
Let f = 33 - 26. Suppose 13*h + 6 = f*h. List the prime factors of (0 - -142)/(-2)*h.
71
Let v(l) = -3*l**3 - l**2 + 6*l - 35. Let m(s) = 2*s - 1. Let z(p) = -6*m(p) + v(p). What are the prime factors of z(-5)?
3, 13
Suppose 5*o - 2*s = 9*o - 2152, 0 = 4*o - s - 2164. Let u = o - 401. What are the prime factors of u?
139
Suppose -4*y = y - 5, -4*w = y - 161. Let k = 61 - w. What are the prime factors of 9/(-5)*((-1400)/k)/10?
2, 3
List the prime factors of (126/(-49))/(75/(-1530025)).
2, 3, 7, 1249
Let l(q) = -q**2 - 51*q - 227. Let f be l(-46). What are the prime factors of -2 - (14/f)/((-14)/1176)?
2, 3, 5, 13
Suppose -11*b + h + 5 = -9*b, -3*h - 7 = -4*b. What are the prime factors of -6073*b/(-44) - (-2)/(-22)?
2, 3, 23
Let c = 1188 + 3499. List the prime factors of c.
43, 109
Let g(i) = -14*i - 3. Let t be g(-1). Suppose -t*n - 8 = -19*n. What are the prime factors of 4/(-16)*14*-34*n?
7, 17
Suppose 31*h = 32*h + 29. List the prime factors of (-51)/17*h/(-6)*-46.
23, 29
Let h(q) be the second derivative of 3*q**4/4 + q**3/2 - 17*q**2/2 - 36*q. What are the prime factors of h(-7)?
13, 31
List the prime factors of -2386*(-6)/9*((-124)/(-8) - 5).
2, 7, 1193
Let f(p) = -8*p**3 - 4*p + 9*p**3 - 2*p**2 + 1 + 10*p. Let m be ((-1)/(-2))/(12/120). What are the prime factors of f(m)?
2, 53
Let z(i) = 1385*i**2 + 5*i + 6. Let u be z(-2). Suppose 12*l - 1940 - u = 0. List the prime factors of l.
7, 89
Let u(s) = 10*s - 91. Let a be u(11). Suppose 18*x - a*x + 412 = 0. List the prime factors of x.
2, 103
Let c = 27 + 790. Suppose 33*m + u - 1616 = 31*m, 4*u + c = m. What are the prime factors of m?
809
Let i(w) = 3*w**3 + 27*w**2 - 26*w + 50. Let a(y) = 5*y**3 + 53*y**2 - 51*y + 98. Let n(s) = -4*a(s) + 7*i(s). List the prime factors of n(23).
2, 29
Let i(c) = -13*c - 20*c + c - c**2 - 52. What are the prime factors of i(-17)?
7, 29
Let y = -208 - -291. Suppose 0 = -8*x + 221 + y. Suppose r - x - 23 = -5*k, 0 = -r + 2*k + 68. List the prime factors of r.
2, 3, 11
Let g be 7/28*2 + 45/6. Suppose -3*i + 3690 = 8*m - 4*m, 0 = 4*i + g. What are the prime factors of m?
2, 3, 7, 11
Let j(v) = -2*v - 1. Let d(k) = k - 1. Let i(h) = -d(h) - 5*j(h). Let f be i(-7). Let x = -39 - f. List the prime factors of x.
2, 3
Let g be (280/(-25))/(((-48)/(-220))/(-6)). Let w = 101 + g. List the prime factors of w.
409
Let f = 10 - -1. List the prime factors of (226/(-4))/(-1) + f/(-22).
2, 7
Let u be (-2)/4*5*(-48)/10. Suppose -u*z + 5812 = -10*z. List the prime factors of (-1 - z/(-14)) + (-84)/147.
2, 103
Let g be 5467/(-35) + (-1)/(-5). Let p = g + 81. List the prime factors of (-328)/(-5) + (-30)/p.
2, 3, 11
Let z = 262 - -4855. Suppose -44*h + z = -37*h. What are the prime factors of h?
17, 43
Let g(h) = -h**3 - 13*h**2 - 35*h - 3. Let s be g(-9). List the prime factors of (-7436)/(-96)*4 - 2/s.
2, 5, 31
Suppose -10*i = -12*i + 4. Suppose -4*c - 4*b + 332 = 0, -3*c + 254 = 2*b + 2*b. Suppose c = i*j - 52. What are the prime factors of j?
5, 13
List the prime factors of -3 - (-12)/3 - -7259.
2, 3, 5, 11
Suppose 21284 + 7885 = 3*r + 3*s, -5*r - 2*s = -48615. What are the prime factors of r?
3, 7, 463
List the prime factors of (110868/(-32))/((-66)/528).
3, 9239
Let u(z) = 121*z**3 + 4*z**2 - 12*z + 4. What are the prime factors of u(3)?
3271
Suppose 10*n = 15*n + 2*m - 95192, -5*m + 57100 = 3*n. What are the prime factors of n?
2, 5, 7, 17
Let l = -54 + 60. Let y = 120 - 120. Suppose y = n + l*n - 1225. What are the prime factors of n?
5, 7
List the prime factors of -23*(-175 - ((-2)/1)/(16/(-40))).
2, 3, 5, 23
Let j be 2/20 - (-3 + (-186)/(-60)). Suppose 3*r - 1418 = -0*r - 5*x, j = -3*r - 2*x + 1433. What are the prime factors of r?
13, 37
Suppose 154*g - 141*g = 52507. Suppose -12175 = -36*u - g. List the prime factors of u.
2, 113
Let a(f) = 143*f - 216. Let d(b) = -214*b + 322. Let h(n) = 7*a(n) + 5*d(n). What are the prime factors of h(-15)?
11, 103
Suppose 694*c = 689*c + 5*a + 52705, 4*a = c - 10550. What are the prime factors of c?
2, 11, 479
Let i(u) = 49*u**3 + 8*u**2 + 9*u - 146. List the prime factors of i(10).
2, 3109
Let b(w) = 205*w - 528. What are the prime factors of b(139)?
27967
Let d(t) = -3*t**3 - 48*t**2 + t - 117. List the prime factors of d(-20).
4663
Let t = -447 - -626. Suppose 5*n = -5*x + 1605, -515 = -n + 2*x - t. What are the prime factors of n?
2, 163
Let c be 0/((3 + 6)/(-3)). Suppose -7*r + 35 = -c*r. What are the prime factors of r*12/15 - -1*131?
3, 5
What are the prime factors of (140925/(-50))/((-6)/20)?
5, 1879
Suppose 2*z + 5*d - 1032 = 6*z, -z - 271 = 2*d. Let t = -494 - -69. Let u = z - t. List the prime factors of u.
2, 3
What are the prime factors of ((-84816)/(-608))/((-2)/(-308))?
3, 7, 11, 31
Suppose 46 = 2*i + 2*m, -3*i = -i - 2*m - 58. Let f = -24496 + 24519. Suppose i*u - 645 = f*u. What are the prime factors of u?
5, 43
Let n(a) = 2*a**3 - 4*a**2 + 10*a - 37. Let g be n(6). Suppose 2*k = -5*s + 209, 4*k - 7*k - 5*s = -g. List the prime factors of k.
2, 3, 17
Let q = 15 + -14. Let t = q - 3. Let o(u) = -16*u**3 - 2*u**2 - 4. What are the prime factors of o(t)?
2, 29
Let o(f) = 4*f + 24. Let d be o(8). Let w = d + -44. What are the prime factors of ((-6)/w)/(3/(-18))?
3
Let x be (-100)/1150 - 2/(92/(-142)). Let h(a) = 4*a**3 - a**2 - 9*a + 14. What are the prime factors of h(x)?
2, 43
Let g(k) = 7*k**3 + 6*k**2 + 40*k + 60. List the prime factors of g(7).
5, 607
Suppose 3*b = 3*i + 33, -3*i = -2*b + 27 - 10. Suppose b*m - 26 = 3*m. Suppose -2*z - 327 = -3*q + m*z, 330 = 3*q - 5*z. List the prime factors of q.
3, 5, 7
Suppose -41*y + 10*y = 33*y - 296896. What are the prime factors of y?
4639
Suppose -11*z - 4*z + 1148895 = 18*z. List the prime factors of z.
3, 5, 11, 211
Let c(h) = -9*h**2 + h - 7. Suppose -13*w - 21 = -6*w. Let r be c(w). Let g = r - -146. What are the prime factors of g?
5, 11
Let b(u) = -19*u**3 - 5*u**2 - 2*u + 6. Let g be b(-2). Suppose -2*i + x - g = -2*x, x + 71 = -i. Let f = 69 - i. List the prime factors of f.
2, 5, 7
Suppose 4*l + 4 = 4*y, 0 = l + 3*y - 1 - 2. Suppose -15*f + 1806 + 804 = l. List the prime factors of f.
2, 3, 29
Suppose 7*n = 8 + 13. Suppose n*o - 8 = o. Suppose -158 = 3*j - o*j. What are the prime factors of j?
2, 79
Suppose 1812 = -3*h - m, 6*m = 3*m. Let d be (-39870)/105 - (-2)/(-7). Let c = d - h. List the prime factors of c.
2, 7
Let c(n) = n**3 - 39*n + 8*n**2 - 5 + 19*n + 17*n. Let b be 81/(-15) - 2/(-5). List the prime factors of c(b).
5, 17
Suppose 0 = -3*w - 3, 4*f - 291 = -4*w + 41. List the prime factors of 206/((-8)/f*-7).
3, 103
Let p = -17956 + 31436. List the prime factors of p.
2, 5, 337
Let j = -73 - 29. Let y = 193 + j. List the prime factors of y.
7, 13
Let l(g) = -g**3 - 2*g**2 - 4*g**3 + 2*g - g. Suppose 4*r = -3*h - 1, -4*h + 59*r - 18 = 56*r. List the prime factors of l(h).
2, 3, 19
Suppose 0 = 23*x + 70 - 277. List the prime factors of ((-90)/(-20))/(x/444).
2, 3, 37
Let t(b) = 6*b**3 - 2*b - 1. Let x be t(-1). Let s(i) = 2410*i - i**2 + 14 - 2405*i + 6*i**2. What are the prime factors of s(x)?
2, 3, 19
Suppose u = 3*m - 253, 5*m = -4*u + 415 + 18. Let z = m + -75. Suppose -z*r + 323 + 207 = 0. List the prime factors of r.
53
List the prime factors of -8 + 7/((-119)/(-4573)).
3, 29
Suppose -4*v = -4*b + 76256, -2*v = 220*b - 218*b - 38136. List the prime factors of b.
2, 9533
Suppose r - 214 = 2*k, -3*k = r - 0*r + 316. List the prime factors of 2*k*3/12*-1.
53
Let t(l) = l**3 + 31*l**2 + 20*l + 14. What are the prime factors of t(-15)?
2, 1657
Let s(o) = 17*o + 58. Let z be s(-10). Let k = 643 + z. What are the prime factors of k?
3, 59
Let u = -17 + 19. Suppose u*p - 7*p + 1515 = 0. Suppose -3*w = 5*n - 503, 0*n - 3*n - 3*w + p = 0. What are the prime factors of n?
2, 5
Let v be 18820/14 - (-16)/(-56). Suppose r + 3*j - 271 = -0*j, -v = -5*r - 4*j. What are the prime factors of r?
2, 67
Let u = 28875 - 20001. List the prime factors of u.
2, 3, 17, 29
Let c = 10729 + -5516. Suppose 5*x - 1327 = -r, -4*r + c = x - 0*x. What are the prime factors of r?
2, 3, 7, 31
Let c(w) = 1412*w**3 + 3*w**2 + 80*w - 82. What are the prime factors of c(1)?
3, 157
Let n(i) = -7*i - 18. Let k be n(-7). Suppose -k*r = -40*r + 774. What are the prime factors o